e -x*k = -3*k + 20. Let v(y) = -y**2 - 3*y + 7. Give v(k).
-3
Let u(l) = l**3 + 5*l**2 + l - 4. Let z be (-2)/(-1) - (0 - 2). Suppose 2*j = -5*h - 118, 122 = -5*h - z*j + 6*j. Let a be ((-10)/6)/((-8)/h). Calculate u(a).
-9
Let v be (-705)/(-799) - 2/(-17). Let g(i) = i + 1. Determine g(v).
2
Suppose b - 5 = -1. Suppose -4 = -0*a + b*a. Let c = -1 - a. Let y(g) = -g**2 - 17. What is y(c)?
-17
Let j(s) = -s + 7. Let w(k) = -k**2 + 9*k - 11. Let v be w(5). Give j(v).
-2
Let x(d) be the second derivative of 2 + 2*d**2 + 1/3*d**4 - 5/6*d**3 - 1/20*d**5 - 2*d. Calculate x(3).
-2
Let z(w) = 7*w**2 - 1. Suppose 0 = -q + 3 - 4. Let i be z(q). Let f(l) = -l + 4. What is f(i)?
-2
Let b(g) be the third derivative of -g**6/120 - g**5/30 + g**4/3 + 7*g**3/6 + 388*g**2. What is b(-3)?
-8
Let x(a) be the first derivative of a**6/120 + a**5/20 - a**4/6 - a**3/2 - 11*a**2/2 + 1. Let l(f) be the second derivative of x(f). Calculate l(-4).
-3
Let h(a) = -28*a**2. Suppose 5*j - s + 0 = 10, 3*j - 13 = 2*s. What is h(j)?
-28
Let s(n) = -5865 + n**2 - 10*n + 5897 + 0*n**2. Determine s(6).
8
Let z(p) = 4*p - 38. Let g(y) = -20*y + 191. Let a be g(9). What is z(a)?
6
Suppose w - 3*s - 6 = -6*s, 3*w - 3*s = 18. Let a(i) be the second derivative of -2*i + 2*i**2 - 7/12*i**4 + 1/20*i**5 + 7/6*i**3 + 0. Calculate a(w).
10
Let c(n) = n**2 - n - 13. Suppose -4*l = -h - 44, -2*l = -3*l + 3*h. Let g = -12 + l. Calculate c(g).
-13
Suppose 2*z = -2*z + 8. Let b(n) = 4*n - 3. Let y be b(z). Let w(a) = -4*a - 72. Let g(k) = -6*k - 122. Let l(v) = 3*g(v) - 5*w(v). What is l(y)?
4
Let m(v) = -v**2 + 4*v - 4. Suppose -l - 2*u - 1 = 0, -30*l + 32*l - 2*u = 10. What is m(l)?
-1
Let o(v) = -9*v - 1. Let l(a) = 29*a - 31. Let h be l(1). Calculate o(h).
17
Let l(z) = -53*z + 61*z - 12*z - 5*z**2 + 3*z**2. What is l(-3)?
-6
Let a(x) = 4*x**2 + 1141*x**3 - 1140*x**3 - x - 5*x - 11. What is a(-5)?
-6
Let r(f) = -6*f + 1. Suppose 92 = -v + 90. What is r(v)?
13
Let m(h) = h**2 + 3*h - 9. Suppose -22*w - 32 = -5*r - 23*w, -5*w + 22 = 2*r. Determine m(r).
45
Suppose 2*l + 5*j = 3*j + 50, 0 = -4*j + 4. Suppose -r - g = -4*g - 16, 3*r = -3*g + l. Let y(t) = -2 + 2 - r*t + 3*t. Determine y(-1).
7
Let y(v) = -319 - 320 + 629 - v. Calculate y(-6).
-4
Let b(j) = -j + 5. Let m be b(3). Suppose 0 = 4*l + 4*w - 52, m*l = -l + w + 23. Let h(y) = y**3 - 8*y**2 - 9*y - 6. What is h(l)?
-6
Let p(n) = -11*n**3 - n**2 - n. Let q(o) = -3*o + 3 - 1 - o**2 + 0*o**2. Let w be q(-3). Suppose -4*j = -w + 6. Give p(j).
11
Let t(d) = 3*d - 25. Let u(o) = 2*o - 17. Let v(w) = -5*t(w) + 8*u(w). Suppose -c - 25 = -2*k - 12, 4*k + c - 35 = 0. Determine v(k).
-3
Let k(s) = -2*s**3 - 9*s**2 - 5*s - 5. Let c(w) = -w**2 + 6*w - 4. Let j be c(6). Let y be k(j). Let p(l) = -5 - l + 1 + 5. Give p(y).
2
Let q(p) be the first derivative of p**4/4 - p**3 - p**2 - 6*p - 330. What is q(4)?
2
Let f(q) = -4*q + 1. Suppose 0*y = -4*y + 2*z, 4*z = 3*y + 5. What is f(y)?
-3
Let l(p) = -p**2 - 4*p + 17. Suppose -222 = 25*u - 99*u. What is l(u)?
-4
Let x be (1/(-3))/(7/231). Let w be 2 - -1 - (x - -14). Suppose -3*z + 3 = 3*t - 0, w = -4*t + 16. Let c(o) = -2*o - 4. Give c(z).
2
Let t(p) = -4*p - 3. Let x(l) = 8*l + 7. Let k(h) = 9*t(h) + 4*x(h). What is k(-2)?
9
Let h(o) = 3 - o - 4 + 0. Suppose -4*q + 18 + 30 = 0. Let s = q + -13. Give h(s).
0
Let v be 0/1 - 1 - -4. Let a be (-8)/(5 + -3) + v. Let h(m) = -m - 4. Let o(d) = -d - 5. Let g(l) = 6*h(l) - 5*o(l). Give g(a).
2
Let p(r) be the second derivative of -r**6/720 + r**5/30 - r**4/4 + 2*r. Let q(u) be the third derivative of p(u). What is q(7)?
-3
Let u(x) be the first derivative of -x**3/3 - 3*x**2/2 + 3*x + 1. Let c = 373 - 371. What is u(c)?
-7
Let w(z) = -z**3 + 4*z**2 + 5*z - 2. Let x be (0 - 2)*3*(-4)/6. Give w(x).
18
Let w be 4/14 - (-12)/7. Suppose 2*f + 13 = -3*l, 2 = 2*f - w*l + 10. Let q(k) = -2*k + 1. What is q(f)?
11
Let o(u) = -2*u + 8. Suppose -n + 5 - 16 = 0. Let z be n + (75/(-3))/(-5). What is o(z)?
20
Let l be (-6)/(-9) - 12/(-9). Suppose 3 - l = q. Let k(x) = -12*x**3 - 2*x**2 + x. Calculate k(q).
-13
Suppose 4*s - 5*p - 14 = 0, p - 6*p = 3*s - 28. Let n(u) be the third derivative of u**5/60 - u**4/4 + 7*u**3/6 - 9*u**2. Calculate n(s).
7
Let w be ((-1)/5)/(9/(-315)). Let v(m) = m**3 - 6*m**2 - 11*m + 8. Calculate v(w).
-20
Suppose 2 = x - 0. Suppose 0 = -u - u + 3*b - 24, -x*u - 3*b = 0. Let f(j) be the third derivative of j**6/120 + j**5/10 - j**4/24 - j**3/6 - 3*j**2. Give f(u).
5
Let k(c) = -8*c - 15. Let q(d) = 7*d + 12. Let v(z) = -5*k(z) - 6*q(z). Give v(4).
-5
Suppose -5*f = -4*y - 4, -4 = 2*y + 2*y. Let r(u) be the first derivative of -5*u - 1/2*u**2 + 13. Give r(f).
-5
Let j(q) be the third derivative of 0*q + 1/30*q**5 - 1/720*q**6 + 0*q**3 - 8*q**2 + 0 - 1/4*q**4. Let s(w) be the second derivative of j(w). What is s(3)?
1
Suppose 4*s - 24 = 24. Let v = s - 7. Let a(b) be the second derivative of -b**5/20 + 5*b**4/12 - b**3/2 - b**2/2 - 6*b. Give a(v).
-16
Let q(n) = -n**2 - 5*n - 4. Suppose 2*y = -5*m + 14, 3*m + 4 = -4*y + m. Determine q(y).
2
Let u = 1240 - 1258. Let t(h) = 2*h + 13. Determine t(u).
-23
Let t(x) = -x**3 + 6*x**2 - 5*x - 4. Let a(n) = n - 3. Let p be a(8). Let j be t(p). Let l(r) = r**2 + r - 4. Calculate l(j).
8
Let u(p) = 2*p**2 - 1 + 0*p**2 + 5*p**2 - 3*p**2 - 3*p**2 - p. Determine u(-2).
5
Let a = -3 + 9. Let i(h) be the first derivative of 1/2*h**2 + 7*h - 2. Give i(a).
13
Let d(q) = 12*q**3 + 2*q**2 + 2*q + 1. Let t(m) = -m**2 - 8*m - 13. Let b be t(-6). What is d(b)?
-11
Let m(f) be the first derivative of f**5/20 + 5*f**4/6 + 3*f**3/2 + 2*f**2 + 21*f + 9. Let n(i) be the first derivative of m(i). Give n(-9).
4
Let q be 0/(-2)*(-1 + 0). Suppose -w - 5*w + 12 = 0. Let r(n) = -17*n**3 + 0*n**w + 1 - 17*n**3 + 33*n**3 - n**2. Calculate r(q).
1
Let t(s) = -s**2 + 5*s. Let q = 13 + -9. Let x be t(q). Let o(a) = a**3 - 4*a**2 - 2*a - 3. Calculate o(x).
-11
Let o = 188 + -184. Let k(r) = -r**3 + 3*r**2 + 2*r. Determine k(o).
-8
Let b(s) = -4*s + 10. Let k(h) = h - 3. Let v(r) = b(r) + 5*k(r). Determine v(6).
1
Let z(c) = c + 19*c**3 - 15455 - 5*c**2 + 3*c**2 + 15455. Calculate z(1).
18
Let g(u) = u**3 + u**2 - 1. Let l be g(1). Let o be 32 + 1 + l - -1. Let a be 4/14 - (-165)/o. Let x(b) = b**3 - 5*b**2 - 2*b + 3. Calculate x(a).
-7
Let z(m) = -133 - 5*m + 46 + 43 + 49. Let o = 6 - 2. Suppose 3*b - o = 2*b. Determine z(b).
-15
Let b(a) = -a**2 + 6*a - 6. Suppose -12 = -4*y + 5*h, -12 = -6*y + 2*y + 4*h. Suppose -132 = -5*v - 4*l, -v - y*l + 2*l = -27. Suppose -w = -5*w + v. Give b(w).
-6
Let l(h) be the first derivative of -6*h**3 + 452. Give l(-1).
-18
Let t(l) = 0*l**2 + 4*l - 4*l**2 + 0*l**2 + 2 + 7*l**2. Let r(m) = -m**2 - m + 1. Let d(g) = -2*r(g) - t(g). What is d(-5)?
-19
Let c(w) = -18*w + 1 - 29 + 22. What is c(-1)?
12
Suppose 0 = 3*q - 5 - 1. Let s(y) = 5*y**3 - 4*y**2 + y - 2. Let k(j) = -14*j**3 + 11*j**2 - 3*j + 6. Let z(f) = -3*k(f) - 8*s(f). Give z(q).
12
Let f(k) = -9*k**2 - k + 16. Let i(d) = 5*d**2 + d - 8. Let v(b) = -4*f(b) - 7*i(b). Calculate v(6).
10
Let j(u) = 2*u - 7. Let r(x) = 6*x - 18. Let q(v) = 10*j(v) - 3*r(v). What is q(11)?
6
Let c be (-602)/(-120) + 270/(-54). Let u(t) be the third derivative of 0*t - c*t**5 - 5*t**2 - 1/24*t**4 + 1/3*t**3 + 0. Determine u(-2).
0
Suppose 4*s - 16 = -2*g, 4*g - 10 = -4*s + 2. Let a(o) = -1 - 4 + 5 + 2 - 2*o - 3*o**2. Give a(g).
-6
Let o(a) = -14 - 249*a - 245*a + 491*a. Calculate o(-7).
7
Let c(k) = -k**2 + 9*k + 108. Let i be c(15). Let v(s) = s**3 - 18*s**2 - s + 16. Calculate v(i).
-2
Let i(q) = q - 7. Let r = 12 - 9. Suppose -37 = -v + r*a, 2*v - 73 = -2*v - 3*a. Suppose 4*o - 20 = 0, -w + v = 3*o + 2. Calculate i(w).
-2
Let n(m) = m**2 - 2*m + 2. Suppose 32 = 4*y - 4*h, 4*y + 3*h - 5 + 1 = 0. Suppose -4*q + 44 + 19 = -3*r, 0 = q + y*r - 11. Suppose 3*g - q = -2*g. What is n(g)?
5
Suppose 5*o + 7 = -2*m, 5*o + m + 0*m + 11 = 0. Let g(q) = -1 - 4 + 4 + 4*q + 2*q**2. Give g(o).
5
Let v(m) = 3*m + 10. Let j(s) = -7*s - 20. Let k(h) = -2*j(h) - 5*v(h). Determine k(-7).
-3
Let y = 6 + -12. Let i(o) = -7*o - 8. Let x(l) = 7*l**2 - l. Let c be x(1). Let s(j) = 8*j + 8. Let t(n) = c*i(n) + 5*s(n). Calculate t(y).
4
Let c(h) = 3*h**2 - 37*h - 3. Let k(b) = 2*b**2 - 25*b 